2 - -1181. Suppose -r - 21 = -2*c, -5*c - 2*r + 22 = -17. What is the highest common divisor of p and c?
9
Let y(q) = -10*q - 28. Let j = 35 + -39. Let d be y(j). Calculate the greatest common factor of d and 20.
4
Let w be ((-44)/10)/(21/(-3780)). What is the greatest common divisor of w and 176?
88
Suppose -5*r - 3 = -23. Suppose 0 = 4*w + 3*g + g + r, 2*g + 22 = 3*w. What is the highest common divisor of 28 and w?
4
Let g = 28 + -23. Suppose -5*i = -g*s - 895, -366 = -2*i - 4*s - 26. What is the highest common divisor of 22 and i?
22
Let v = -940 + 1024. Calculate the highest common divisor of 112 and v.
28
Suppose 4*v = -5*y + 331, -2*v + 166 = -0*y + 2*y. Calculate the highest common factor of 308 and v.
28
Let u be (-93)/(-18) + -5 - 989/(-6). Suppose -2*v + 132 = -0*v. Calculate the highest common factor of u and v.
33
Let a = -228 - -262. Calculate the highest common factor of 102 and a.
34
Let b be (704/(-110))/((-4)/10). Suppose -i + 2 = -4. Suppose 0 = 2*o - 2 - i. Calculate the highest common factor of o and b.
4
Let a(f) = 7*f - 8 + 2*f**2 - f**2 + 6*f**2 - 6*f**2. Let p be a(-6). Let z = p + 20. What is the highest common factor of 42 and z?
6
Suppose 3*z = -2*b - 74, 2*b = -3*z + 4*z - 58. Let v = b + 41. What is the greatest common factor of 70 and v?
10
Let x(j) = -35*j - 1. Let w be x(-3). Let t be (-8)/64 + (-25)/(-8). Suppose -c - c - 8 = 0, 3*u + t*c - 27 = 0. Calculate the highest common factor of u and w.
13
Let f = 282 - 228. Calculate the highest common factor of f and 36.
18
Suppose a = -4*a - 750. Let y be ((-2)/(-3))/((-5)/a). Calculate the greatest common divisor of y and 30.
10
Suppose 5*r + 10*r = 1155. Calculate the highest common factor of r and 22.
11
Suppose -4*j + 3278 = -14*k + 16*k, -j - 3*k + 822 = 0. Calculate the greatest common divisor of j and 91.
91
Suppose -8*r = -5*y - 310, -4*r - 3*y + 4*y = -158. What is the greatest common factor of 30 and r?
10
Let c(s) = -6*s - 9. Let b be c(-6). Suppose 25*h - b*h + 150 = 0. Calculate the greatest common factor of h and 30.
15
Let m = -9 + 21. Let h = m - 8. Suppose 12 - h = 4*i. What is the highest common factor of 8 and i?
2
Suppose 0 = -2*x - 3*b - 9 + 61, -5*b = 3*x - 80. Suppose 2*f = 6*f - 40. Let q = x - f. Calculate the highest common divisor of q and 30.
10
Let b(c) = c**2 - c - 6. Let w be b(-6). Let t = -7 + 31. Calculate the greatest common factor of w and t.
12
Let p(r) = -r**3 + 8*r**2 + 18*r - 21. Let d be p(9). What is the greatest common factor of d and 45?
15
Let x(c) = -c**2 - 22*c - 2. Let b be x(-18). Let z = b + -34. Calculate the greatest common factor of z and 4.
4
Suppose 0 = 17*r - 8*r. Suppose -5*k + r*h = -3*h - 3, -19 = -k - 4*h. Calculate the greatest common factor of k and 15.
3
Let m(o) = -o**3 - 3*o**2 + 4*o + 2. Let z be m(-5). Let p be 396/60 + (-4)/(-10). Suppose 3*y = 55 - p. What is the greatest common factor of z and y?
16
Let j = -40 - -48. Let z be -1 - (-158)/j - 32/(-128). What is the greatest common divisor of 133 and z?
19
Let b(i) = -i**2 + 17*i + 65. Let r be b(22). Let t(d) = d**3 - 5*d**2 - 5*d + 6. Let m be t(5). Let f = m - r. What is the greatest common divisor of f and 39?
13
Suppose -72*q - 3 = -73*q. Let h = -9 + 12. What is the highest common factor of q and h?
3
Let z(v) = -5*v - 17. Let l be z(-6). Let n be l - (0 + (4 - 0)). Let y(h) = 2*h - 12. Let q be y(n). What is the highest common factor of q and 54?
6
Let h = 420 + -406. What is the highest common divisor of 2 and h?
2
Suppose 4*k - 3600 = -4*s, -4497 = -5*s + 10*k - 12*k. Calculate the greatest common divisor of 29 and s.
29
Suppose 2*h - 7*j = -5*j + 990, 0 = -4*h - j + 1955. Calculate the highest common divisor of h and 70.
70
Let t(w) = 10*w**2 - 41*w - 1. Let u be t(9). What is the greatest common divisor of u and 176?
88
Let i be (23/3)/(2/60*2). What is the greatest common divisor of 253 and i?
23
Suppose 3*b - 54 = 5*j + 31, 4*j - 4 = 0. What is the greatest common factor of b and 210?
30
Let q = -50 - -110. Let r = -124 + 148. What is the greatest common divisor of q and r?
12
Let m be ((-9)/6)/((-6)/(-20))*-49. Calculate the greatest common divisor of m and 294.
49
Let n(p) = p**2 + 37*p + 119. Let z be n(-35). What is the greatest common divisor of z and 1813?
49
Let n(o) = -o**3 + 4*o**2 + 3*o - 7. Let l be n(3). What is the highest common factor of 22 and l?
11
Let f = -29 + 44. Calculate the highest common divisor of f and 20.
5
Let f(x) = -19*x + 57. Let p(a) = -13*a + 38. Let o(b) = -5*f(b) + 7*p(b). Let l be o(10). What is the greatest common divisor of 105 and l?
21
Let f be ((-5)/(-2) + 1)*2. Suppose -7*l - 98 = -0*l. Let h(u) = -u**2 - 14*u + 1. Let i be h(l). Calculate the highest common factor of f and i.
1
Suppose c = 2*n + 16, -2*n - n - 15 = 0. Let i be (c/(-3) - -15) + 1. What is the greatest common divisor of i and 7?
7
Let k(b) = b**3 + 6*b**2 + 6*b + 2. Let s be k(-4). Suppose -y = y + s. Let p be (-1 - -13) + y + 5. Calculate the highest common factor of 8 and p.
4
Let h be ((-7 - -3) + 4)/(-1). Suppose h*k - k - 2*n + 3 = 0, -5*k - 2*n = -31. What is the highest common divisor of k and 63?
7
Let o be (-39)/(-26) - (-1)/2. Suppose o*d = -3*d - 3*v - 72, -5*v = -2*d - 35. Let r = 18 + d. What is the greatest common factor of 12 and r?
3
Let r(z) = z**3 + 5*z**2 + 2*z. Let p be r(-4). Let o(h) = 2*h + 24. Let s be o(p). What is the highest common divisor of 8 and s?
8
Let c(n) be the second derivative of 2*n**3/3 + 6*n**2 + 7*n. Let p be c(-7). Let k = p + 28. Calculate the highest common divisor of 24 and k.
12
Suppose -119*g + 99 = -120*g. Let i = -85 - g. What is the greatest common factor of i and 182?
14
Suppose -11*h - 13*h + 96 = 0. Let c(o) = -o - 4. Let d be c(0). Let i be (-1)/d - 23/(-4). What is the highest common divisor of h and i?
2
Let q be (11/3 - 6)*-60. What is the highest common factor of 350 and q?
70
Let l(d) = 12*d + 9. Let z be l(10). Suppose -2*u = 3*b - z, -4*b = -u - 2*b + 82. Let t = 6 + 18. What is the highest common divisor of u and t?
24
Let u(p) = -2*p - 5. Let z be u(-5). Suppose -z = -j - 3. Let f be (-5 - 2)*(j + -11). Calculate the greatest common factor of 7 and f.
7
Let l(o) = o**3 + 4*o**2 - 3*o + 2. Let r be l(-4). Suppose -3*m + 4 = -8. Suppose -11*g + 392 = -m*g. What is the highest common divisor of g and r?
14
Suppose -202 = 221*o - 223*o. What is the highest common factor of 1616 and o?
101
Suppose -1980 = -9*n - 11*n. Calculate the greatest common factor of 9 and n.
9
Suppose 5 - 1 = 4*y. Let o be (-11 - -2)*y/(-3). Suppose -o*l + 13 - 10 = 0. What is the greatest common factor of l and 7?
1
Let i(k) = k**3 - 14*k**2 + 13*k - 2. Let o be i(13). Let v = o - -13. What is the greatest common divisor of v and 77?
11
Let a(h) = h + 6. Let q(d) = -2*d - 5. Let l(c) = -3*a(c) - 2*q(c). Let r be l(23). Calculate the greatest common factor of r and 25.
5
Let y(o) = 2*o. Let h be y(1). Let k be 15 - ((0 - h) + 2). Calculate the greatest common divisor of 5 and k.
5
Let t be (-2 + 2 + 25)*546/70. Calculate the greatest common divisor of 260 and t.
65
Suppose -8 = y - 11. Suppose -150 = 6*a - 438. Calculate the greatest common divisor of y and a.
3
Suppose -2*s - s - 4*f + 23 = 0, 5*s + f = 27. Suppose -s*w = 5*t, 0*w - 3*w = -t. Suppose -3*b + 345 = -t*b. What is the highest common divisor of 46 and b?
23
Let j(h) be the third derivative of h**5/60 + h**4/24 - 4*h**3/3 - 6*h**2. Let d be j(-4). Suppose x - 405 = -d*x. What is the highest common factor of x and 9?
9
Suppose 0 = 5*w - 85 + 40. Calculate the greatest common divisor of w and 12.
3
Suppose -136*a + 139*a + 9306 = 3*s, 0 = 5*s - 2*a - 15510. What is the highest common factor of s and 66?
66
Let y(i) = 4*i - 7. Let q be y(-8). Let h = q + 68. Calculate the greatest common divisor of h and 29.
29
Let a(u) be the third derivative of -9*u**2 - 7/3*u**3 + 0 + 1/24*u**4 + 0*u. Let i be a(15). Calculate the highest common divisor of 5 and i.
1
Suppose 0 = c - q - 20 - 3, -2*c = 2*q - 26. Suppose 0*p + 3*p = c. Calculate the greatest common divisor of p and 2.
2
Let m be 2*-1*-5 - 2. Let z(r) = r**2 + 4. Suppose 5*i - 17 = d, -3*d + 10 = 2*i - 7. Let v be z(i). Calculate the highest common divisor of v and m.
4
Let w(k) = -1